, what is 306423626 + -1?
306423625
In base 11, what is 299722 - -465?
29a087
In base 4, what is 111 - 223203000212?
-223203000101
In base 9, what is -347 + -85823?
-86271
In base 4, what is -1112 + -20021020031?
-20021021203
In base 11, what is 2649182 - -55?
2649227
In base 16, what is 3d17ff + 6d?
3d186c
In base 15, what is 15a119 - a1?
15a068
In base 2, what is 100110101110111110 - -110011011?
100110110101011001
In base 6, what is 14542533 + -211?
14542322
In base 5, what is 2143111230 - -3?
2143111233
In base 13, what is 10 + -930ca38?
-930ca28
In base 13, what is -31c1 - -24bc?
-a02
In base 8, what is 6 + -4470151?
-4470143
In base 8, what is 632211 - 140?
632051
In base 3, what is -10212021112211110 - -10?
-10212021112211100
In base 11, what is -5 + -775501?
-775506
In base 12, what is 540767a24 + 4?
540767a28
In base 15, what is 375b72b + 0?
375b72b
In base 9, what is -8844 - 222?
-10166
In base 3, what is -1202 - -1022021021022010?
1022021021020101
In base 2, what is -10000101111010101010000 + -1111?
-10000101111010101011111
In base 16, what is -6ed + -97dd?
-9eca
In base 13, what is 5b35c8b4 - -2?
5b35c8b6
In base 10, what is -19563071 + 2?
-19563069
In base 8, what is -5311 + -155442?
-162753
In base 14, what is 192d9 + 264?
1955d
In base 7, what is 1313 + 201460?
203103
In base 2, what is 11011000 - 110011010111010100111?
-110011010110111001111
In base 14, what is 44ca373 - 12?
44ca361
In base 11, what is -7 + 827a9?
827a2
In base 3, what is 111201210 + 120001001?
1001202211
In base 4, what is 20121222223 + 10?
20121222233
In base 13, what is 785 + -121c41?
-121489
In base 10, what is -747 - 98287?
-99034
In base 13, what is -6a602 - -7?
-6a5c8
In base 4, what is -2333113 - -13231?
-2313222
In base 14, what is -8dcc0 + b?
-8dcb3
In base 16, what is -635 + -1bba?
-21ef
In base 2, what is -1010100001011 - 10000111000?
-1100101000011
In base 14, what is 56189 - -1?
5618a
In base 16, what is 6b + -202096?
-20202b
In base 13, what is b - 3a0c7?
-3a0b9
In base 4, what is 112300112 - -32?
112300210
In base 9, what is -388 + 230087?
228588
In base 5, what is 3 - -2223331013?
2223331021
In base 5, what is 30230003223 + 3?
30230003231
In base 16, what is -5fc94 + -37?
-5fccb
In base 12, what is 17088 - 889?
163bb
In base 16, what is 10b57 + f7a?
11ad1
In base 8, what is -6 - -320354?
320346
In base 3, what is 120122120111 + -10201?
120122102210
In base 14, what is -d + -1718a5?
-1718b4
In base 9, what is -65 + 100630?
100554
In base 3, what is 11220100002110 - 0?
11220100002110
In base 5, what is 224100 + 220?
224320
In base 7, what is -10120355 - -10?
-10120345
In base 12, what is -3 - -1338b06?
1338b03
In base 4, what is 1133210 + -1011031?
122113
In base 14, what is -49d5588 + 2?
-49d5586
In base 16, what is -1abff5 + -5?
-1abffa
In base 3, what is -1211000 + -112102001?
-121020001
In base 11, what is -11830 - -257?
-11584
In base 14, what is -2 - 674344?
-674346
In base 12, what is 5 - -a60b2?
a60b7
In base 2, what is -1110110110011111111 - -11100?
-1110110110011100011
In base 12, what is -3924a - -792?
-38678
In base 9, what is 18426 - -2831?
22357
In base 15, what is ce1 - 1077d?
-e98c
In base 13, what is -551 - 3702b?
-3757c
In base 10, what is 8081 + -1884?
6197
In base 3, what is 10 - -12111002111002200?
12111002111002210
In base 14, what is 8648 - ad0?
7958
In base 6, what is 5153 - 35424?
-30231
In base 8, what is 24146317 + 22?
24146341
In base 15, what is -15c25 + -42c?
-16152
In base 13, what is 9cab69 + -30?
9cab39
In base 8, what is 3 + -307007076?
-307007073
In base 7, what is -61666 - -121242?
26243
In base 7, what is -2053 + -244302?
-246355
In base 13, what is -85 - -854c?
8497
In base 12, what is -3a45 + -28b61?
-309a6
In base 10, what is -5291438 - -4?
-5291434
In base 4, what is -110032 - 32121?
-202213
In base 14, what is 128a00 + 70?
128a70
In base 15, what is 31ba8 + -348?
31860
In base 11, what is 4 - 15123485?
-15123481
In base 13, what is -2c1b - 1188?
-40a6
In base 11, what is 80226a + 521?
802790
In base 4, what is -10020110 - -132130?
-3221320
In base 6, what is 500234 + 11414?
512052
In base 8, what is 21674377 - -7?
21674406
In base 10, what is 260276 - -186?
260462
In base 15, what is 0 - -6941849?
6941849
In base 2, what is -101101100101111 - -100000001111?
-101001100100000
In base 15, what is -89533d - -72?
-8952bb
In base 12, what is 0 - 2796181?
-2796181
In base 2, what is 101 + -111111110010000000?
-111111110001111011
In base 11, what is -487 - -2a96?
260a
In base 4, what is -13033320320233 + -1?
-13033320320300
In base 7, what is 53 + 32003025?
32003111
In base 10, what is 475486 - 2?
475484
In base 13, what is 3 - -27325c69?
27325c6c
In base 10, what is 288 + 9367?
9655
In base 13, what is -b86c + -6b05?
-15674
In base 10, what is -2 - 2719264?
-2719266
In base 11, what is 3 + -60904785?
-60904782
In base 4, what is -302212 + -20303323?
-21212201
In base 14, what is 1a52 + 1453?
30a5
In base 15, what is 28 + -114a8c?
-114a64
In base 3, what is 21100111 + 1111011?
22211122
In base 8, what is -57 - -42236613?
42236534
In base 2, what is 110111 - -11111111010001?
100000000001000
In base 6, what is -421514 + 5531?
-411543
In base 2, what is -11 - -1001011101110100111101110110?
1001011101110100111101110011
In base 5, what is -1123100110 - -11?
-1123100044
In base 9, what is 308371 - -67?
308448
In base 16, what is -c53 + -10114?
-10d67
In base 14, what is -2 - 37038b?
-37038d
In base 11, what is -76 - 6660523?
-6660599
In base 5, what is -111144212403 - 10?
-111144212413
In base 5, what is 1 - -13013122211?
13013122212
In base 4, what is 132302112232222 + -11?
132302112232211
In base 2, what is -11011010000010 + -1111110010?
-11101001110100
In base 11, what is 357950 - -1?
357951
In base 7, what is 122332 - 543?
121456
In base 5, what is 312 - 113443?
-113131
In base 7, what is -433 - 1653440?
-1654203
In base 3, what is -21 + -222110202200?
-222110202221
In base 9, what is 374002 - 163?
373728
In base 2, what is -1011110 - -11010000110101011010?
11010000110011111100
In base 5, what is -442400142 + -3?
-442400200
In base 12, what is 56a8 + 47?
5733
In base 14, what is -528 + 758a7?
7537d
In base 4, what is -122 - 123033103233?
-123033110021
In base 11, what is -59177 - 4757?
-62923
In base 12, what is -5 + 4b35737b?
4b357376
In base 9, what is 3056 + -1477?
1468
In base 8, what is -114511 + 561?
-113730
In base 4, what is -21103032003023 + -1?
-21103032003030
In base 14, what is -2596 + -8b?
-2643
In base 13, what is -a + 1a90634?
1a90627
In base 5, what is 21403334 + 144?
21404033
In base 8, what is -2310667647 - 1?
-2310667650
In base 14, what is 80 - 68cd27?
-68cc87
In base 13, what is 9 + 46a7643?
46a764c
In base 13, what is 9bca8 - 13?
9bc95
In base 7, what is -15341 + -1550442?
-1566113
In base 15, what is -5849 - 743?
-608c
In base 2, what is 1100 + 101101101011101011111100010?
101101101011101011111101110
In base 15, what is 268 + d74?
10dc
In base 13, what is -1a - b81c0?
-b820a
In base 11, what is -7a5135749 - 0?
-7a5135749
In base 8, what is 2 + 42743401?
42743403
In base 2, what is -10111100110011011111 - -11100?
-10111100110011000011
In base 13, what is 29857 - -161?
299b8
In base 14, what is -1618 + -b3c4?
-c9dc
In base 2, what is -110 - -11010001111111011110100?
11010001111111011101110
In base 10, what is -35932058 - -15?
-35932043
In base 4, what is -1021 + 1210111313?
1210110232
In base 13, what is -26 + 1c8456?
1c8430
In base 4, what is 200 - -321112200210?
321112201010
In base 14, what is 3 + -5d4c4c?
-5d4c49
In base 12, what is -18ab861 + -30?
-18ab891
In base 8, what is 4032614453 + 5?
4032614460
In base 14, what is -839 + -6b35?
-7570
In base 13, what is -7c523 + -1371?
-80894
In base 4, what is -1231 + -3233211000?
-3233212231
In base 5, what is -421 - -3300300?
3244324
In base 4, what is 2301 - 2100302?
-2032001
In base 6, what is 22 - -13442331?
13442353
In base 12, what is 2 - 26736785?
-26736783
In base 6, what is -104550050001 - -1?
-104550050000
In base 12, what is b - -13206230?
1320623b
In base 5, what is -14 - 3123011342?
-3123011411
In base 10, what is -2797 + -23918?
-26715
In base 15, what is -11cd0d63 - -1?
-11cd0d62
In base 6, what is -12 + -121512245?
-121512301
I